*n**2 - 9*n - 8. What is the tens digit of k(u)?
4
Suppose 0 = -5*v + 5*h + 60, 0*v - 40 = -4*v - 4*h. Let s = v + -11. Suppose s = -j + 1, -a - j + 19 - 3 = 0. What is the tens digit of a?
1
Suppose -2*p + 2202 = -4*l, -3*l - 303 - 4101 = -4*p. What is the units digit of p?
1
Let w be -122 - 4 - (0 + 1). Let r = -61 - w. What is the tens digit of r?
6
Let y(s) = -s**3 - 10*s**2 + 10*s - 9. Let d be y(-11). Let b(c) = -14 - 6*c + 15*c**2 + c**3 - 2*c**3 - 3*c**d. What is the tens digit of b(11)?
4
Let y(g) be the second derivative of 5*g**4/3 - g**3/2 - 5*g**2/2 - 11*g. Let l be y(-2). Let h = 119 - l. What is the units digit of h?
8
Suppose -42 = 2*c - 2*m - 236, 0 = 4*c - m - 391. What is the tens digit of c?
9
Let h(n) = 6*n - 32. Let l(v) = 3*v - 22. Let c(m) = -1. Let f(r) = 6*c(r) - l(r). Let g(p) = 5*f(p) + 2*h(p). What is the tens digit of g(-7)?
3
Let t be -38*(6/(-4) - -2). Let v = 12 - t. Let i = v + -8. What is the units digit of i?
3
Suppose -3 = -2*o + 5. Suppose -o*j - 5*f + 141 = 0, -4*j + 131 = 3*f - 0*f. What is the units digit of j?
9
What is the hundreds digit of 6*7536/90 - 4/10?
5
What is the tens digit of (56 - 61)*(-188)/10?
9
Let n(u) = 10*u**2 - u + 6. Let p be n(-6). Suppose -p = -6*c - 0*c. What is the tens digit of c?
6
Let i be 1392/(-20) - (-6)/10. Let g = -108 - -59. Let t = g - i. What is the tens digit of t?
2
Suppose k - 2908 = -3*y + 3*k, -5*k + 1907 = 2*y. What is the tens digit of y?
6
Suppose -3*j - 165 = 4*r - 41, 4*r + 120 = -2*j. Let x = 79 + r. What is the tens digit of x?
5
Let n = -227 + 472. What is the units digit of n?
5
Suppose -3*z + 658 = 70. What is the tens digit of z?
9
Let k = -1677 + 2588. Suppose 4*p = -159 + k. Suppose p = 4*x - 0*x. What is the units digit of x?
7
Let n(s) = -s**3 + 14*s**2 + 5*s - 2. What is the hundreds digit of n(10)?
4
Let t = -56 + 47. What is the units digit of 19/2 + t/18?
9
Let b = -1 + 3. Let h(u) = -u**2 + 0 + u**3 - b*u**3 + 25 - u - 3. What is the units digit of h(0)?
2
Let i = 4662 - 7639. What is the tens digit of 4/6 + i/(-39)?
7
What is the units digit of ((-876)/9)/(6 + (-111)/18)?
4
Suppose -63*z = -2*b - 67*z + 500, z + 1045 = 4*b. What is the units digit of b?
0
Let q(a) be the second derivative of a**3/3 + 7*a**2/2 - 9*a. What is the units digit of q(-2)?
3
Let i(r) = -6*r + 3. Let y(k) = 11*k - 6. Let n(d) = -5*i(d) - 2*y(d). Let s be n(6). Suppose -s = -3*h - 2*h. What is the units digit of h?
9
Let n = 336 + -180. Let f = n + -89. What is the units digit of f?
7
What is the units digit of ((-6)/8)/(12 + (-361685)/30140)?
1
Suppose 3*d - 6 = -3*t, 0 = -t - 2*d - d + 4. Let u be 1*(t - 3*20). Let w = 90 + u. What is the units digit of w?
1
Let m(s) = -s**2 - 8*s - 5. Let b be m(-6). Suppose -b*p + 3*p = -628. What is the hundreds digit of p?
1
Suppose -2*h + 120 = -0*h. Suppose t = 4*t - h. What is the tens digit of (-54)/(-5) - (-4)/t?
1
Suppose -3*t + 2 = 2*w + 10, -2*t - 10 = -w. Suppose 0 = w*q + 22 - 20. Let j(h) = -21*h - 2. What is the units digit of j(q)?
9
Let p(b) = -13*b - 10. Let t(g) = -g**2 + 17*g - 20. Let m be (2*1)/((-12)/(-96)). Let o be t(m). What is the tens digit of p(o)?
4
Let d(n) = 4*n - 22. Let u be d(-9). Let a = 50 - u. What is the units digit of a?
8
Let u(l) = 14*l**2 + l - 1. Suppose -4*i - 110 + 2 = -5*a, -6 = 3*i. Let b = -22 + a. What is the tens digit of u(b)?
5
Suppose -3*x + n + 32 = 5*n, -x = -5*n + 21. Suppose -898 = -x*z + 3182. What is the tens digit of (-2)/7 + z/42?
2
Suppose 9 = -c + 2*c. Suppose 3*d = s + 2, -1 - c = -4*d + 5*s. Suppose 2*x - 13 - 11 = d. What is the units digit of x?
2
Let t(v) = -3*v**2 + 41*v - 10. Let g be t(17). What is the hundreds digit of (174/(-5))/(24/g)?
2
Let f(p) = p**3 + 4*p**2 - 9*p - 32. What is the hundreds digit of f(8)?
6
Let q be (-35)/(-10) - 1/(-2). Suppose -2*u - 5*n = 4, q*u = n + 3 - 55. What is the units digit of (-214)/(-12) - 2/u?
8
What is the tens digit of 104*354/(-6)*(-2 + 1)?
3
Let r = 14 - 7. Let z be (-1 - 1)/(8/12). Let h = z + r. What is the units digit of h?
4
Suppose 5*l = -3*y + 1450, 3*y - 314 = -2*l + 1130. Suppose -12 = -3*r, 2*r + 3*r = 5*n - y. What is the hundreds digit of n?
1
Let f(d) = d**2 + 12*d - 52. Suppose -8*g = 266 - 90. What is the units digit of f(g)?
8
Suppose -4*g - 304 = -4*w, 0 = 2*w - g - 12 - 135. What is the units digit of w?
1
Suppose -2*y = 4*f - 12, -f - 5*y + 0*y - 6 = 0. Suppose 112 = -2*v + f*v. What is the units digit of -5 + 2 + (v - 7)?
6
Let d(h) = 9*h - 31. Suppose 2*p - y = p + 12, -36 = -3*p - 4*y. What is the units digit of d(p)?
7
Let k be (-96)/(-6) - (2 - 0). Suppose -5*p + k = 2*c - 3*p, -4*p + 16 = 0. Suppose -c*x - 204 = -6*x. What is the tens digit of x?
6
Let f be (9/(-2))/((-10)/(-500)). Let x = 317 + f. Suppose -3*d - x = -7*d. What is the tens digit of d?
2
Suppose -4*u = 0, -o = -4*u + 2 - 4. Let j be o/(-13) + 6/39. Suppose j*z + 330 = 6*z. What is the tens digit of z?
5
What is the tens digit of (-921 + -47)*(-1)/2?
8
Let j(a) = a**2 + 10*a + 10. Let w be j(-13). Let c = w + -1. What is the units digit of c?
8
Let n(j) = 4*j**2 - 44*j - 22. What is the units digit of n(-7)?
2
What is the tens digit of 280/(1 - (-36)/(-48))?
2
Suppose 0 = -5*a + 4*j - 716 + 4688, -4*a + 3159 = 3*j. What is the hundreds digit of a?
7
Suppose q - 13 = -5*u + 8, 4*u = -4*q + 20. Let v(h) = -11*h**2 - 1 + 40*h**2 + 0. What is the units digit of v(q)?
8
What is the units digit of 4/(-36) - 14424/(-54)?
7
Let j(y) = -38*y - 23. Suppose 33 = -5*p + 8. What is the tens digit of j(p)?
6
Suppose -20*y + 2104 = -16*y. What is the hundreds digit of y?
5
Let r = 1 + -1. Suppose -v - 3 = r, -y + v + 22 = -3*v. What is the units digit of (-4)/y - 194/(-10)?
9
Suppose -8*o + 18 = -2*o. Suppose 0*i = o*i - 12. What is the units digit of i?
4
Let v = 724 + -498. Suppose 0 = m + 3*c + 43, 0 = -5*m - 3*c - c - v. Let l = -30 - m. What is the units digit of l?
6
Let g be -21*2/(-9)*6. Suppose g = a - 93. What is the tens digit of a?
2
Suppose 5*u + 50 = 3*z + 3*u, 3*u = 4*z - 66. Suppose 17*p + 123 = z*p. What is the tens digit of p?
2
Let o = -319 - -1775. What is the units digit of o?
6
Let f = -50 - -266. Let y = f + -120. What is the tens digit of y*(-4 + (-39)/(-9))?
3
Let d(p) = 13*p. Let q(f) be the second derivative of -f**5/20 - 7*f**4/12 - 4*f**3/3 - 9*f**2/2 + 9*f. Let m be q(-6). What is the units digit of d(m)?
9
Suppose 4*x = x + 9. Suppose x*c = c + 110. What is the tens digit of c?
5
Let c = -1805 + 2933. What is the thousands digit of c?
1
Suppose -280*f + 4*g + 20396 = -276*f, 0 = -4*g. What is the thousands digit of f?
5
Suppose 219 + 37 = 2*x. What is the hundreds digit of (x - 0)/(8 + -7)?
1
Suppose -24*o = -22*o. Suppose o = 8*w - 4*w - 8. Suppose -h + w + 0 = 0. What is the units digit of h?
2
Let y = 1184 - 846. What is the hundreds digit of y?
3
Let t = 57 + -54. Suppose 0 = -k - 4*r + 20, -2*k - t*r = -0*r - 35. What is the tens digit of k?
1
Let x(j) = -16*j + 9. What is the tens digit of x(-11)?
8
Suppose 56 = 2*r - 4*r. What is the hundreds digit of r/(-42) - ((-895)/3 + 2)?
2
Suppose 18*i = 24*i - 14430. What is the tens digit of i?
0
Let y(q) = q**3 + 16*q**2 + 10*q - 18. Let z = 35 - 50. What is the tens digit of y(z)?
5
Suppose -3*l = 2*c - 794, -l = 5*c - 551 - 1447. What is the tens digit of c?
0
Let u = -166 + 484. Suppose 4*j = 4*w - 7*w + 473, 2*w + 2*j = u. What is the hundreds digit of w?
1
Suppose 3*b - 3*f = 16809, b - 5603 = 42*f - 40*f. What is the units digit of b?
3
Let f(i) = 12*i**2 + 1. Let y(h) = -h - 14. Let r(g) = -5. Let s(l) = -7*r(l) + 2*y(l). Let v be s(3). What is the units digit of f(v)?
3
Suppose c - z = 7, 3*c - 5*z - 16 = 7. Suppose 0 = c*a - 10*a + 156. What is the tens digit of a?
3
Suppose 3*w - 2*t - 59 = 65, -w = 2*t - 44. Let i = w + -26. Suppose -i*r + 2 = -15*r. What is the units digit of r?
2
Let p = -8 + -9. Let b = 70 + p. Suppose 4*y - b = 3*y. What is the units digit of y?
3
Let g(r) = -r**3 + r**2 - r. Let a(d) = -4*d**3 + 4*d**2 - 4*d + 3. Let q(o) = a(o) - 3*g(o). Suppose -121*m + 117*m = 12. What is the units digit of q(m)?
2
Suppose -3*z = 15 + 15. Let i be -2 + 0 + 5 + z. What is the tens digit of (6/i)/(1/(-35))?
3
Let o(y) = -y. Let d be o(-4). Supp